{"id":422,"date":"2019-12-23T10:54:24","date_gmt":"2019-12-23T14:54:24","guid":{"rendered":"http:\/\/wp65979.wpdns.ca\/?page_id=422"},"modified":"2025-03-19T10:54:23","modified_gmt":"2025-03-19T14:54:23","slug":"test","status":"publish","type":"page","link":"https:\/\/www.asyd.ca\/?page_id=422","title":{"rendered":""},"content":{"rendered":"\t\t<div data-elementor-type=\"post\" data-elementor-id=\"422\" class=\"elementor elementor-422\" data-elementor-settings=\"[]\">\n\t\t\t<div class=\"elementor-inner\">\n\t\t\t\t<div class=\"elementor-section-wrap\">\n\t\t\t\t\t\t\t<section data-id=\"a978ea0\" class=\"elementor-element elementor-element-a978ea0 elementor-section-boxed elementor-section-height-default elementor-section-height-default elementor-section elementor-top-section\" data-element_type=\"section\">\n\t\t\t\t\t\t<div class=\"elementor-container elementor-column-gap-default\">\n\t\t\t\t<div class=\"elementor-row\">\n\t\t\t\t<div data-id=\"0551b9c\" class=\"elementor-element elementor-element-0551b9c elementor-column elementor-col-100 elementor-top-column\" data-element_type=\"column\">\n\t\t\t<div class=\"elementor-column-wrap  elementor-element-populated\">\n\t\t\t\t\t<div class=\"elementor-widget-wrap\">\n\t\t\t\t<div data-id=\"80c27a5\" class=\"elementor-element elementor-element-80c27a5 elementor-widget elementor-widget-heading\" data-element_type=\"heading.default\">\n\t\t\t\t<div class=\"elementor-widget-container\">\n\t\t\t<h2 class=\"elementor-heading-title elementor-size-default\"><span style=\"font-family: Montserrat, Montserrat, &quot;Open Sans&quot;, sans-serif; font-size: 20px; font-style: normal; font-variant-ligatures: normal; font-variant-caps: normal; font-weight: bold;\">!!!<\/span>Location d'un moulin portatif!!!\/ !!!Rent a portable sawmill!!! <span style=\"font-family: Montserrat, Montserrat, &quot;Open Sans&quot;, sans-serif; font-size: 20px; font-weight: bold;\"><\/span><br><\/h2>\t\t<\/div>\n\t\t\t\t<\/div>\n\t\t\t\t\t\t<\/div>\n\t\t\t<\/div>\n\t\t<\/div>\n\t\t\t\t\t\t<\/div>\n\t\t\t<\/div>\n\t\t<\/section>\n\t\t\t\t<section data-id=\"27b6613\" class=\"elementor-element elementor-element-27b6613 elementor-section-boxed elementor-section-height-default elementor-section-height-default elementor-section elementor-top-section\" data-element_type=\"section\">\n\t\t\t\t\t\t<div class=\"elementor-container elementor-column-gap-default\">\n\t\t\t\t<div class=\"elementor-row\">\n\t\t\t\t<div data-id=\"51250b5\" class=\"elementor-element elementor-element-51250b5 elementor-column elementor-col-100 elementor-top-column\" data-element_type=\"column\">\n\t\t\t<div class=\"elementor-column-wrap  elementor-element-populated\">\n\t\t\t\t\t<div class=\"elementor-widget-wrap\">\n\t\t\t\t<div data-id=\"d5eb614\" class=\"elementor-element elementor-element-d5eb614 elementor-view-stacked elementor-shape-circle elementor-widget elementor-widget-icon\" data-element_type=\"icon.default\">\n\t\t\t\t<div class=\"elementor-widget-container\">\n\t\t\t\t\t<div class=\"elementor-icon-wrapper\">\n\t\t\t<div class=\"elementor-icon\">\n\t\t\t\t<i class=\"fa fa-superpowers\" aria-hidden=\"true\"><\/i>\n\t\t\t<\/div>\n\t\t<\/div>\n\t\t\t\t<\/div>\n\t\t\t\t<\/div>\n\t\t\t\t\t\t<\/div>\n\t\t\t<\/div>\n\t\t<\/div>\n\t\t\t\t\t\t<\/div>\n\t\t\t<\/div>\n\t\t<\/section>\n\t\t\t\t<section data-id=\"1fd61d0\" class=\"elementor-element elementor-element-1fd61d0 elementor-section-boxed elementor-section-height-default elementor-section-height-default elementor-section elementor-top-section\" data-element_type=\"section\">\n\t\t\t\t\t\t<div class=\"elementor-container elementor-column-gap-default\">\n\t\t\t\t<div class=\"elementor-row\">\n\t\t\t\t<div data-id=\"9667b13\" class=\"elementor-element elementor-element-9667b13 elementor-column elementor-col-100 elementor-top-column\" data-element_type=\"column\">\n\t\t\t<div class=\"elementor-column-wrap  elementor-element-populated\">\n\t\t\t\t\t<div class=\"elementor-widget-wrap\">\n\t\t\t\t<div data-id=\"db98272\" class=\"elementor-element elementor-element-db98272 elementor-vertical-align-top elementor-widget elementor-widget-icon-box\" data-element_type=\"icon-box.default\">\n\t\t\t\t<div class=\"elementor-widget-container\">\n\t\t\t\t\t<div class=\"elementor-icon-box-wrapper\">\n\t\t\t\t\t<div class=\"elementor-icon-box-content\">\n\t\t\t\t<h3 class=\"elementor-icon-box-title\">\n\t\t\t\t\t<span >ASYD SAWMILL<\/span>\n\t\t\t\t<\/h3>\n\t\t\t\t<p class=\"elementor-icon-box-description\">Nous offrons \u00e9galement des services de moulin \u00e0 bois portatif, le nettoyage de for\u00eat et des options additionnelles exclusives <br><br>(*\u00c0 la demande).<\/p>\n\t\t\t<\/div>\n\t\t<\/div>\n\t\t\t\t<\/div>\n\t\t\t\t<\/div>\n\t\t\t\t\t\t<\/div>\n\t\t\t<\/div>\n\t\t<\/div>\n\t\t\t\t\t\t<\/div>\n\t\t\t<\/div>\n\t\t<\/section>\n\t\t\t\t<section data-id=\"987bde2\" class=\"elementor-element elementor-element-987bde2 elementor-section-boxed elementor-section-height-default elementor-section-height-default elementor-section elementor-top-section\" data-element_type=\"section\">\n\t\t\t\t\t\t<div class=\"elementor-container elementor-column-gap-default\">\n\t\t\t\t<div class=\"elementor-row\">\n\t\t\t\t<div data-id=\"32e4c56\" class=\"elementor-element elementor-element-32e4c56 elementor-column elementor-col-100 elementor-top-column\" data-element_type=\"column\">\n\t\t\t<div class=\"elementor-column-wrap  elementor-element-populated\">\n\t\t\t\t\t<div class=\"elementor-widget-wrap\">\n\t\t\t\t<div data-id=\"00a1e75\" class=\"elementor-element elementor-element-00a1e75 elementor-widget elementor-widget-image\" data-element_type=\"image.default\">\n\t\t\t\t<div class=\"elementor-widget-container\">\n\t\t\t\t\t<div class=\"elementor-image\">\n\t\t\t\t\t\t\t<figure class=\"wp-caption\">\n\t\t\t\t\t\t\t\t\t\t<img loading=\"lazy\" decoding=\"async\" width=\"668\" height=\"1024\" src=\"https:\/\/www.asyd.ca\/wp-content\/uploads\/2023\/05\/Capture-de\u0301cran-le-2023-05-18-a\u0300-15.04.22-668x1024.png\" class=\"attachment-large size-large\" alt=\"\" srcset=\"https:\/\/www.asyd.ca\/wp-content\/uploads\/2023\/05\/Capture-de\u0301cran-le-2023-05-18-a\u0300-15.04.22-668x1024.png 668w, https:\/\/www.asyd.ca\/wp-content\/uploads\/2023\/05\/Capture-de\u0301cran-le-2023-05-18-a\u0300-15.04.22-196x300.png 196w, https:\/\/www.asyd.ca\/wp-content\/uploads\/2023\/05\/Capture-de\u0301cran-le-2023-05-18-a\u0300-15.04.22-768x1177.png 768w, https:\/\/www.asyd.ca\/wp-content\/uploads\/2023\/05\/Capture-de\u0301cran-le-2023-05-18-a\u0300-15.04.22.png 838w\" sizes=\"auto, (max-width: 668px) 100vw, 668px\" \/>\t\t\t\t\t\t\t\t\t\t\t<figcaption class=\"widget-image-caption wp-caption-text\">Service de moulin \u00e0 bois portatif<\/figcaption>\n\t\t\t\t\t\t\t\t\t\t<\/figure>\n\t\t\t\t\t<\/div>\n\t\t\t\t<\/div>\n\t\t\t\t<\/div>\n\t\t\t\t\t\t<\/div>\n\t\t\t<\/div>\n\t\t<\/div>\n\t\t\t\t\t\t<\/div>\n\t\t\t<\/div>\n\t\t<\/section>\n\t\t\t\t<section data-id=\"1b16e31\" class=\"elementor-element elementor-element-1b16e31 elementor-section-boxed elementor-section-height-default elementor-section-height-default elementor-section elementor-top-section\" data-element_type=\"section\">\n\t\t\t\t\t\t<div class=\"elementor-container elementor-column-gap-default\">\n\t\t\t\t<div class=\"elementor-row\">\n\t\t\t\t<div data-id=\"7a23446\" class=\"elementor-element elementor-element-7a23446 elementor-column elementor-col-100 elementor-top-column\" data-element_type=\"column\">\n\t\t\t<div class=\"elementor-column-wrap  elementor-element-populated\">\n\t\t\t\t\t<div class=\"elementor-widget-wrap\">\n\t\t\t\t<div data-id=\"813c0bc\" class=\"elementor-element elementor-element-813c0bc elementor-view-framed elementor-shape-circle elementor-position-top elementor-vertical-align-top elementor-widget elementor-widget-icon-box\" data-element_type=\"icon-box.default\">\n\t\t\t\t<div class=\"elementor-widget-container\">\n\t\t\t\t\t<div class=\"elementor-icon-box-wrapper\">\n\t\t\t\t\t<div class=\"elementor-icon-box-icon\">\n\t\t\t\t<span class=\"elementor-icon elementor-animation-\" >\n\t\t\t\t<i class=\"fa fa-crop\" aria-hidden=\"true\"><\/i>\n\t\t\t\t<\/span>\n\t\t\t<\/div>\n\t\t\t\t\t\t<div class=\"elementor-icon-box-content\">\n\t\t\t\t<h3 class=\"elementor-icon-box-title\">\n\t\t\t\t\t<span >MAT\u00c9RIAUX EN VENTE<\/span>\n\t\t\t\t<\/h3>\n\t\t\t\t<p class=\"elementor-icon-box-description\">Plateforme d'achat en cours de construction (*Link not available yet, under construction).<\/p>\n\t\t\t<\/div>\n\t\t<\/div>\n\t\t\t\t<\/div>\n\t\t\t\t<\/div>\n\t\t\t\t\t\t<\/div>\n\t\t\t<\/div>\n\t\t<\/div>\n\t\t\t\t\t\t<\/div>\n\t\t\t<\/div>\n\t\t<\/section>\n\t\t\t\t<section data-id=\"5429404\" class=\"elementor-element elementor-element-5429404 elementor-section-boxed elementor-section-height-default elementor-section-height-default elementor-section elementor-top-section\" data-element_type=\"section\">\n\t\t\t\t\t\t<div class=\"elementor-container elementor-column-gap-default\">\n\t\t\t\t<div class=\"elementor-row\">\n\t\t\t\t<div data-id=\"d28ec1f\" class=\"elementor-element elementor-element-d28ec1f elementor-column elementor-col-25 elementor-top-column\" data-element_type=\"column\">\n\t\t\t<div class=\"elementor-column-wrap  elementor-element-populated\">\n\t\t\t\t\t<div class=\"elementor-widget-wrap\">\n\t\t\t\t<div data-id=\"ec8dea6\" class=\"elementor-element elementor-element-ec8dea6 elementor-position-top elementor-vertical-align-top elementor-widget elementor-widget-image-box\" data-element_type=\"image-box.default\">\n\t\t\t\t<div class=\"elementor-widget-container\">\n\t\t\t<div class=\"elementor-image-box-wrapper\"><figure class=\"elementor-image-box-img\"><img loading=\"lazy\" decoding=\"async\" width=\"838\" height=\"790\" src=\"https:\/\/www.asyd.ca\/wp-content\/uploads\/2023\/05\/Capture-de\u0301cran-le-2023-05-18-a\u0300-15.25.42.png\" class=\"attachment-full size-full\" alt=\"\" srcset=\"https:\/\/www.asyd.ca\/wp-content\/uploads\/2023\/05\/Capture-de\u0301cran-le-2023-05-18-a\u0300-15.25.42.png 838w, https:\/\/www.asyd.ca\/wp-content\/uploads\/2023\/05\/Capture-de\u0301cran-le-2023-05-18-a\u0300-15.25.42-300x283.png 300w, https:\/\/www.asyd.ca\/wp-content\/uploads\/2023\/05\/Capture-de\u0301cran-le-2023-05-18-a\u0300-15.25.42-768x724.png 768w\" sizes=\"auto, (max-width: 838px) 100vw, 838px\" \/><\/figure><div class=\"elementor-image-box-content\"><h3 class=\"elementor-image-box-title\">Poutrelle<\/h3><\/div><\/div>\t\t<\/div>\n\t\t\t\t<\/div>\n\t\t\t\t\t\t<\/div>\n\t\t\t<\/div>\n\t\t<\/div>\n\t\t\t\t<div data-id=\"0487141\" class=\"elementor-element elementor-element-0487141 elementor-column elementor-col-25 elementor-top-column\" data-element_type=\"column\">\n\t\t\t<div class=\"elementor-column-wrap  elementor-element-populated\">\n\t\t\t\t\t<div class=\"elementor-widget-wrap\">\n\t\t\t\t<div data-id=\"a1c6b4e\" class=\"elementor-element elementor-element-a1c6b4e elementor-position-top elementor-vertical-align-top elementor-widget elementor-widget-image-box\" data-element_type=\"image-box.default\">\n\t\t\t\t<div class=\"elementor-widget-container\">\n\t\t\t<div class=\"elementor-image-box-wrapper\"><figure class=\"elementor-image-box-img\"><img loading=\"lazy\" decoding=\"async\" width=\"544\" height=\"246\" src=\"https:\/\/www.asyd.ca\/wp-content\/uploads\/2023\/05\/Capture-de\u0301cran-le-2023-05-18-a\u0300-15.35.01.png\" class=\"attachment-full size-full\" alt=\"\" srcset=\"https:\/\/www.asyd.ca\/wp-content\/uploads\/2023\/05\/Capture-de\u0301cran-le-2023-05-18-a\u0300-15.35.01.png 544w, https:\/\/www.asyd.ca\/wp-content\/uploads\/2023\/05\/Capture-de\u0301cran-le-2023-05-18-a\u0300-15.35.01-300x136.png 300w\" sizes=\"auto, (max-width: 544px) 100vw, 544px\" \/><\/figure><div class=\"elementor-image-box-content\"><h3 class=\"elementor-image-box-title\">Souche<\/h3><\/div><\/div>\t\t<\/div>\n\t\t\t\t<\/div>\n\t\t\t\t\t\t<\/div>\n\t\t\t<\/div>\n\t\t<\/div>\n\t\t\t\t<div data-id=\"fed9a85\" class=\"elementor-element elementor-element-fed9a85 elementor-column elementor-col-25 elementor-top-column\" data-element_type=\"column\">\n\t\t\t<div class=\"elementor-column-wrap  elementor-element-populated\">\n\t\t\t\t\t<div class=\"elementor-widget-wrap\">\n\t\t\t\t<div data-id=\"3f9f4f0\" class=\"elementor-element elementor-element-3f9f4f0 elementor-position-top elementor-vertical-align-top elementor-widget elementor-widget-image-box\" data-element_type=\"image-box.default\">\n\t\t\t\t<div class=\"elementor-widget-container\">\n\t\t\t<div class=\"elementor-image-box-wrapper\"><figure class=\"elementor-image-box-img\"><img loading=\"lazy\" decoding=\"async\" width=\"586\" height=\"748\" src=\"https:\/\/www.asyd.ca\/wp-content\/uploads\/2023\/05\/Capture-de\u0301cran-le-2023-05-18-a\u0300-15.29.19.png\" class=\"attachment-full size-full\" alt=\"\" srcset=\"https:\/\/www.asyd.ca\/wp-content\/uploads\/2023\/05\/Capture-de\u0301cran-le-2023-05-18-a\u0300-15.29.19.png 586w, https:\/\/www.asyd.ca\/wp-content\/uploads\/2023\/05\/Capture-de\u0301cran-le-2023-05-18-a\u0300-15.29.19-235x300.png 235w\" sizes=\"auto, (max-width: 586px) 100vw, 586px\" \/><\/figure><div class=\"elementor-image-box-content\"><h3 class=\"elementor-image-box-title\">Live Edge<\/h3><\/div><\/div>\t\t<\/div>\n\t\t\t\t<\/div>\n\t\t\t\t\t\t<\/div>\n\t\t\t<\/div>\n\t\t<\/div>\n\t\t\t\t<div data-id=\"8e07d6e\" class=\"elementor-element elementor-element-8e07d6e elementor-column elementor-col-25 elementor-top-column\" data-element_type=\"column\">\n\t\t\t<div class=\"elementor-column-wrap  elementor-element-populated\">\n\t\t\t\t\t<div class=\"elementor-widget-wrap\">\n\t\t\t\t<div data-id=\"e8fd98e\" class=\"elementor-element elementor-element-e8fd98e elementor-position-top elementor-vertical-align-top elementor-widget elementor-widget-image-box\" data-element_type=\"image-box.default\">\n\t\t\t\t<div class=\"elementor-widget-container\">\n\t\t\t<div class=\"elementor-image-box-wrapper\"><figure class=\"elementor-image-box-img\"><img loading=\"lazy\" decoding=\"async\" width=\"1058\" height=\"668\" src=\"https:\/\/www.asyd.ca\/wp-content\/uploads\/2023\/05\/Capture-de\u0301cran-le-2023-05-18-a\u0300-15.38.24.png\" class=\"attachment-full size-full\" alt=\"\" srcset=\"https:\/\/www.asyd.ca\/wp-content\/uploads\/2023\/05\/Capture-de\u0301cran-le-2023-05-18-a\u0300-15.38.24.png 1058w, https:\/\/www.asyd.ca\/wp-content\/uploads\/2023\/05\/Capture-de\u0301cran-le-2023-05-18-a\u0300-15.38.24-300x189.png 300w, https:\/\/www.asyd.ca\/wp-content\/uploads\/2023\/05\/Capture-de\u0301cran-le-2023-05-18-a\u0300-15.38.24-1024x647.png 1024w, https:\/\/www.asyd.ca\/wp-content\/uploads\/2023\/05\/Capture-de\u0301cran-le-2023-05-18-a\u0300-15.38.24-768x485.png 768w\" sizes=\"auto, (max-width: 1058px) 100vw, 1058px\" \/><\/figure><div class=\"elementor-image-box-content\"><h3 class=\"elementor-image-box-title\">Planche<\/h3><\/div><\/div>\t\t<\/div>\n\t\t\t\t<\/div>\n\t\t\t\t\t\t<\/div>\n\t\t\t<\/div>\n\t\t<\/div>\n\t\t\t\t\t\t<\/div>\n\t\t\t<\/div>\n\t\t<\/section>\n\t\t\t\t<section data-id=\"1bbffd8\" class=\"elementor-element elementor-element-1bbffd8 elementor-section-boxed elementor-section-height-default elementor-section-height-default elementor-section elementor-top-section\" data-element_type=\"section\">\n\t\t\t\t\t\t<div class=\"elementor-container elementor-column-gap-default\">\n\t\t\t\t<div class=\"elementor-row\">\n\t\t\t\t<div data-id=\"47cd6e7\" class=\"elementor-element elementor-element-47cd6e7 elementor-column elementor-col-100 elementor-top-column\" data-element_type=\"column\">\n\t\t\t<div class=\"elementor-column-wrap  elementor-element-populated\">\n\t\t\t\t\t<div class=\"elementor-widget-wrap\">\n\t\t\t\t<div data-id=\"811bb9b\" class=\"elementor-element elementor-element-811bb9b elementor-align-center elementor-widget elementor-widget-button\" data-element_type=\"button.default\">\n\t\t\t\t<div class=\"elementor-widget-container\">\n\t\t\t\t\t<div class=\"elementor-button-wrapper\">\n\t\t\t<a href=\"https:\/\/www.asyd.ca\/?page_id=295&amp;preview_nonce=5b9f3a7eda&amp;lang=fr\" class=\"elementor-button-link elementor-button elementor-size-sm\" role=\"button\">\n\t\t\t\t\t\t<span class=\"elementor-button-content-wrapper\">\n\t\t\t\t\t\t<span class=\"elementor-button-text\">Contactez-nous<\/span>\n\t\t<\/span>\n\t\t\t\t\t<\/a>\n\t\t<\/div>\n\t\t\t\t<\/div>\n\t\t\t\t<\/div>\n\t\t\t\t\t\t<\/div>\n\t\t\t<\/div>\n\t\t<\/div>\n\t\t\t\t\t\t<\/div>\n\t\t\t<\/div>\n\t\t<\/section>\n\t\t\t\t\t\t<\/div>\n\t\t\t<\/div>\n\t\t<\/div>\n\t\t","protected":false},"excerpt":{"rendered":"<p>!!!Location d&#8217;un moulin portatif!!!\/ !!!Rent a portable sawmill!!! ASYD SAWMILL Nous offrons \u00e9galement des services de moulin \u00e0 bois portatif, le nettoyage de for\u00eat et des options additionnelles exclusives (*\u00c0 la demande). Service de moulin \u00e0 bois portatif MAT\u00c9RIAUX EN VENTE Plateforme d&#8217;achat en cours de construction (*Link not available yet, under construction). Poutrelle Souche [&hellip;]<\/p>\n","protected":false},"author":1,"featured_media":0,"parent":0,"menu_order":0,"comment_status":"closed","ping_status":"closed","template":"","meta":{"footnotes":""},"class_list":["post-422","page","type-page","status-publish","hentry","entry"],"_links":{"self":[{"href":"https:\/\/www.asyd.ca\/index.php?rest_route=\/wp\/v2\/pages\/422","targetHints":{"allow":["GET"]}}],"collection":[{"href":"https:\/\/www.asyd.ca\/index.php?rest_route=\/wp\/v2\/pages"}],"about":[{"href":"https:\/\/www.asyd.ca\/index.php?rest_route=\/wp\/v2\/types\/page"}],"author":[{"embeddable":true,"href":"https:\/\/www.asyd.ca\/index.php?rest_route=\/wp\/v2\/users\/1"}],"replies":[{"embeddable":true,"href":"https:\/\/www.asyd.ca\/index.php?rest_route=%2Fwp%2Fv2%2Fcomments&post=422"}],"version-history":[{"count":47,"href":"https:\/\/www.asyd.ca\/index.php?rest_route=\/wp\/v2\/pages\/422\/revisions"}],"predecessor-version":[{"id":1537,"href":"https:\/\/www.asyd.ca\/index.php?rest_route=\/wp\/v2\/pages\/422\/revisions\/1537"}],"wp:attachment":[{"href":"https:\/\/www.asyd.ca\/index.php?rest_route=%2Fwp%2Fv2%2Fmedia&parent=422"}],"curies":[{"name":"wp","href":"https:\/\/api.w.org\/{rel}","templated":true}]}}